 126?
7
What is the greatest common factor of 20 and 310?
10
Calculate the greatest common factor of 230 and 1035.
115
Calculate the highest common divisor of 36 and 7908.
12
Calculate the highest common factor of 16 and 5648.
16
Calculate the greatest common factor of 1074 and 24.
6
Calculate the greatest common factor of 1494 and 1162.
166
Calculate the greatest common factor of 688 and 32.
16
What is the greatest common factor of 1868 and 4?
4
Calculate the highest common divisor of 39655 and 14.
7
What is the greatest common divisor of 120 and 705?
15
What is the highest common divisor of 118 and 5?
1
What is the greatest common divisor of 26 and 143?
13
What is the greatest common factor of 1525 and 125?
25
Calculate the greatest common factor of 252 and 56.
28
Calculate the highest common factor of 78 and 78.
78
Calculate the greatest common divisor of 144 and 2688.
48
What is the greatest common factor of 3 and 3?
3
Calculate the highest common divisor of 77 and 1232.
77
Calculate the greatest common factor of 8 and 5.
1
What is the greatest common factor of 405 and 30?
15
Calculate the greatest common divisor of 74883 and 327.
327
Calculate the greatest common divisor of 18 and 33.
3
Calculate the greatest common factor of 46 and 428.
2
Calculate the highest common divisor of 6924 and 12.
12
Calculate the greatest common divisor of 95 and 3667.
19
What is the greatest common factor of 323 and 51?
17
What is the greatest common divisor of 20 and 5?
5
Calculate the highest common factor of 8 and 20.
4
Calculate the greatest common divisor of 1314 and 243.
9
What is the greatest common factor of 6 and 534?
6
What is the highest common factor of 75 and 30?
15
What is the greatest common factor of 1853 and 51?
17
What is the greatest common factor of 1216 and 57?
19
What is the greatest common factor of 92 and 161?
23
Calculate the greatest common divisor of 2546 and 402.
134
What is the highest common factor of 1590 and 6?
6
What is the highest common factor of 11 and 7711?
11
What is the highest common divisor of 1152 and 1344?
192
What is the highest common factor of 1631 and 21?
7
What is the greatest common factor of 319 and 781?
11
What is the highest common divisor of 1 and 5023?
1
What is the highest common factor of 29 and 6119?
29
Calculate the highest common divisor of 14487 and 33.
33
What is the highest common divisor of 23 and 2047?
23
What is the highest common factor of 9455 and 31?
31
Calculate the greatest common factor of 925 and 10.
5
What is the greatest common divisor of 38 and 95?
19
Calculate the greatest common divisor of 98 and 406.
14
What is the highest common factor of 6 and 512?
2
What is the greatest common factor of 188 and 846?
94
Calculate the highest common divisor of 47 and 1175.
47
Calculate the highest common divisor of 4454 and 102.
34
Calculate the greatest common factor of 512 and 4.
4
Calculate the highest common factor of 1899 and 18.
9
What is the highest common divisor of 64590 and 30?
30
Calculate the greatest common factor of 50941 and 121.
121
Calculate the highest common divisor of 91 and 1417.
13
Calculate the highest common divisor of 12 and 292.
4
What is the greatest common divisor of 1387 and 228?
19
Calculate the greatest common factor of 30 and 80.
10
What is the greatest common factor of 930 and 30?
30
What is the highest common divisor of 945 and 35?
35
Calculate the highest common divisor of 4 and 22.
2
What is the highest common divisor of 26 and 52?
26
What is the greatest common divisor of 319 and 176?
11
What is the greatest common divisor of 60 and 160?
20
What is the greatest common divisor of 6688 and 132?
44
Calculate the greatest common divisor of 195 and 312.
39
What is the highest common divisor of 440 and 2970?
110
What is the greatest common factor of 96 and 72?
24
What is the highest common divisor of 408 and 680?
136
Calculate the highest common divisor of 840 and 20.
20
What is the greatest common divisor of 136 and 688?
8
Calculate the highest common factor of 3496 and 1596.
76
Calculate the highest common divisor of 15 and 110.
5
Calculate the greatest common factor of 15 and 32085.
15
What is the highest common factor of 14 and 18690?
14
What is the greatest common divisor of 822 and 6?
6
Calculate the greatest common divisor of 21 and 14.
7
Calculate the highest common divisor of 26 and 182.
26
Calculate the highest common divisor of 20 and 180.
20
What is the greatest common factor of 30 and 470?
10
What is the greatest common factor of 50 and 920?
10
Calculate the greatest common factor of 216 and 1188.
108
What is the greatest common factor of 5986 and 82?
82
What is the highest common factor of 1278 and 1846?
142
Calculate the greatest common divisor of 902 and 4674.
82
Calculate the greatest common factor of 60 and 15.
15
Calculate the highest common factor of 459 and 85.
17
Calculate the greatest common divisor of 2074 and 102.
34
What is the greatest common factor of 18 and 846?
18
What is the greatest common factor of 13 and 3?
1
Calculate the highest common divisor of 42 and 7.
7
What is the highest common factor of 2006 and 944?
118
What is the highest common factor of 29 and 232?
29
Calculate the highest common divisor of 135 and 150.
15
What is the greatest common factor of 32 and 56?
8
What is the highest common factor of 146 and 5986?
146
Calculate the highest common factor of 1190 and 70.
70
Calculate the highest common divisor of 3135 and 1320.
165
What is the highest common factor of 41554 and 316?
158
Calculate the greatest common factor of 44 and 374.
22
What is the greatest common divisor of 303 and 76053?
303
What is the greatest common divisor of 3456 and 1512?
216
What is the greatest common divisor of 2134 and 22?
22
Calculate the highest common divisor of 13038 and 984.
246
What is the highest common factor of 297 and 363?
33
Calculate the highest common factor of 8 and 13256.
8
What is the highest common divisor of 837 and 72?
9
Calculate the highest common divisor of 138 and 782.
46
Calculate the greatest common factor of 704 and 22.
22
Calculate the highest common factor of 435 and 75.
15
Calculate the greatest common factor of 338 and 39.
13
Calculate the highest common divisor of 66 and 2266.
22
What is the highest common divisor of 99 and 5247?
99
What is the greatest common factor of 774 and 430?
86
What is the highest common factor of 18 and 246?
6
Calculate the greatest common factor of 54 and 13428.
18
What is the highest common factor of 4 and 158?
2
What is the highest common factor of 4408 and 4?
4
Calculate the greatest common divisor of 1710 and 95.
95
What is the highest common divisor of 91 and 351?
13
What is the highest common divisor of 9819 and 72?
9
Calculate the greatest common factor of 948 and 68.
4
What is the greatest common factor of 13 and 221?
13
Calculate the greatest common divisor of 125 and 775.
25
Calculate the greatest common divisor of 544 and 64.
32
What is the greatest common factor of 2002 and 308?
154
What is the greatest common factor of 378 and 14?
14
What is the highest common divisor of 315 and 980?
35
Calculate the greatest common divisor of 111 and 918.
3
Calculate the greatest common divisor of 124 and 354.
2
What is the greatest common divisor of 12 and 42?
6
What is the highest common divisor of 9671 and 76?
19
Calculate the highest common factor of 4320 and 585.
45
Calculate the highest common divisor of 180 and 8940.
60
Calculate the highest common divisor of 1411 and 153.
17
Calculate the highest common factor of 1503 and 63.
9
Calculate the highest common factor of 13 and 6331.
13
Calculate the greatest common factor of 60 and 444.
12
What is the greatest common factor of 10811 and 19?
19
What is the highest common factor of 12 and 516?
12
Calculate the greatest common divisor of 340 and 425.
85
What is the highest common divisor of 15561 and 13?
13
What is the greatest common divisor of 9 and 126?
9
What is the highest common factor of 374 and 1394?
34
Calculate the highest common factor of 8 and 488.
8
Calculate the greatest common divisor of 130 and 20410.
130
Calculate the highest common factor of 41 and 10537.
41
Calculate the highest common factor of 184 and 1012.
92
What is